ose 2*l + p = -l, 5*l = -5*f + 15. Let t = 234 - 157. What is the highest common factor of f and t?
7
Let t(n) = -n**2 - 12*n + 37. Let r be t(-9). Let a(i) = i**3 + 4*i**2 + i + 2. Let q be a(-3). What is the greatest common divisor of q and r?
8
Let d(i) = 0*i - 7*i - 9 + 9*i**2 + 17. Let m be d(2). Calculate the greatest common factor of m and 20.
10
Suppose -3*a + 4*a = 0. Suppose a = -2*d + 6 + 40. Calculate the highest common divisor of 69 and d.
23
Suppose -2*w + 12 = 2*w, 4*i + 2*w = 30. Let s = 26 + -2. Calculate the highest common factor of s and i.
6
Let t(j) = -24*j + 6. Let k be t(-6). Let m(b) = -b**3 - 23*b**2 - 26*b + 17. Let o be m(-22). Let a = k - o. Calculate the highest common divisor of 5 and a.
5
Suppose -4*h - h + 4*a + 8 = 0, -5*a - 10 = 4*h. Suppose -p + h*p + 99 = 4*k, -2*k - 4*p + 60 = 0. Calculate the greatest common divisor of 6 and k.
6
Let y be -8*35/(-112)*10. Calculate the greatest common factor of y and 15.
5
Let o(p) = p**2 - 4*p - 2. Let i be o(8). Let h = 27 - i. Let q(j) = -4*j**3 - 3*j**2 - 4. Let u be q(h). What is the highest common factor of u and 7?
7
Suppose 82 = 4*k - 3*z, -3*z + 12 = -k + 37. Let w = k + -6. Let l be ((-26)/6)/((-1)/3). What is the highest common factor of l and w?
13
Let f(k) = -k**3 - 5*k**2 + 2*k - 5. Let h be f(-5). Let w be -14*(9/h + 2/(-5)). Calculate the highest common factor of 126 and w.
14
Let j be (-18 + 19)*(0 - -1). Suppose -8*r + j + 7 = 0. What is the highest common divisor of r and 1?
1
Let n be (2*(-1)/3)/(11/132). Let p be (-994)/n - (-12)/16. What is the greatest common factor of 50 and p?
25
Suppose -4*a - 2*k + 5*k - 153 = 0, -5*a - k = 215. Let w = a + 57. What is the greatest common factor of 105 and w?
15
Let l = 11 + -25. Let u = 138 + -118. Let n be l/4*u/(-10). What is the highest common divisor of n and 7?
7
Let j = -25 + 73. What is the greatest common factor of 456 and j?
24
Suppose 63*u = 1611 + 6579. What is the greatest common divisor of u and 10?
10
Let z be ((-114)/2 - -3)*(-33)/3. What is the highest common divisor of z and 132?
66
Suppose 0 = -d + 18*d - 85. Calculate the highest common divisor of 7 and d.
1
Let z(s) = -s**2 - 30*s + 22. Let x be z(-8). Calculate the highest common factor of x and 88.
22
Let c(a) be the third derivative of a**5/30 - a**4/6 - a**3/2 - 122*a**2. Suppose -3*p + 7 = -5. Let h be c(p). What is the highest common factor of h and 52?
13
Suppose -3*f = 3, 5*f + 17 = -s + 2*s. Let t(b) = b**2 - 9*b - 20. Let g be t(s). Let u be 18/4*(-32)/(-6). What is the greatest common factor of u and g?
8
Let q be (-2)/4*0 + 1. Suppose 5*n + 25 + 15 = 0. Let h(o) = -o + 3. Let j be h(n). What is the highest common factor of j and q?
1
Suppose -3286 + 3556 = 6*j. Calculate the highest common factor of j and 27.
9
Let l be (-58)/7 - (-2)/7. Let y = l + 24. Let u be (0 - 0) + 5 + 139. Calculate the highest common factor of u and y.
16
Suppose 11*a - 4*a - 294 = 0. What is the highest common divisor of 273 and a?
21
Suppose 2*y - 11 = -5*k + 16, -6 = 2*k + 5*y. Calculate the greatest common factor of k and 448.
7
Let o(l) = 6*l + 1. Let d be o(1). Let y(k) = 6 - 5 + k - k**3 - d + 12*k**2. Let t be y(12). What is the highest common factor of 48 and t?
6
Suppose -4*f - 4*o + 41 = -f, 3*f - 2*o = 11. Suppose 5 = 2*k + 3*g, 4*k = -k + 4*g + 1. What is the greatest common divisor of k and f?
1
Let v(a) = a - 1. Let f(p) = 30. Let n(g) = -f(g) - 4*v(g). Let m be n(-7). What is the greatest common divisor of m and 3?
1
Suppose 5*x = 4*l - 93, 2*l - 5*x - 58 + 19 = 0. Calculate the highest common divisor of 234 and l.
9
Suppose 0 = -2*o + 48 + 24. Let l be -4 + (3 - 7)*-2. Calculate the greatest common divisor of l and o.
4
Let p(u) be the second derivative of 23*u**3/6 + 3*u**2 + u. Suppose 6*j - 192 = -180. Let v be p(j). Calculate the greatest common factor of v and 13.
13
Let y(h) = -h**3 + 14*h**2 - h - 29. Let p be y(14). Let r = 101 + p. What is the greatest common divisor of 87 and r?
29
Let a(n) = -53*n**3 - 2*n - 1. Let s be a(-1). Suppose 450 - 144 = 17*r. Calculate the greatest common factor of s and r.
18
Suppose 3*b = -2*b + 280. Let s = 23 + -13. Suppose 4*m = 46 + s. Calculate the greatest common divisor of b and m.
14
Suppose 0 = -3*i - 0*i - 3, g - 526 = -2*i. What is the greatest common factor of 33 and g?
33
Let f(x) = -17*x + 243. Let r be f(9). What is the highest common divisor of r and 30?
30
Let b = -2416 + 2418. What is the greatest common factor of 86 and b?
2
Let v = 1388 + -1212. Calculate the greatest common factor of v and 4.
4
Let d be -3*8/84 - 4470/(-210). Let h be 2/(-2)*(-4 + 1). What is the greatest common factor of d and h?
3
Let b be (-6 - -144)/(2/2). Suppose 4*t - 2*t - b = -2*q, 4*q - 3*t = 255. What is the highest common divisor of q and 6?
6
Suppose 120 = 4*z - 5*s, 4*z - s - 120 = 3*s. Let o be -68*(3/(-12) - 0). Let m = o + -7. What is the greatest common divisor of z and m?
10
Let p(m) = -m**3 - 7*m**2 + 15*m - 38. Let q be p(-10). What is the highest common factor of 7 and q?
7
Suppose 5*y = -6*n + n + 1845, -2*y - n + 734 = 0. What is the highest common divisor of y and 5?
5
Suppose 2*g + 0*s - 3*s = 7, 5*s - 20 = -3*g. Let r = 13 + g. Calculate the greatest common divisor of r and 12.
6
Let l = 47 + -25. Let v = l - 4. Suppose 0 = -k - 4*u + 182, 0 = -2*k - 4*u + u + 384. What is the greatest common divisor of k and v?
18
Let x = 635 + -419. What is the greatest common divisor of 8 and x?
8
Let q(v) be the first derivative of -v**2 + 4*v + 1. Let y be q(-3). Let g be (-658)/(-6) - (-8)/24. Calculate the highest common factor of y and g.
10
Suppose -2*c + 105 = 3*v, 3*v - 118 = -5*c - 13. Suppose 19 = 2*u - 9. What is the greatest common factor of u and v?
7
Let s = 125 - 129. Let n be -2 + 6 + -2 - 5*s. What is the greatest common factor of 176 and n?
22
Let q be 2 + ((-48)/(-72) - 896/(-6)). What is the highest common factor of 114 and q?
38
Let f(g) = -73*g - 206. Let r be f(-3). Suppose -66 - 519 = -5*h. What is the greatest common factor of h and r?
13
Let f(a) = a + 14. Let t be f(-10). Calculate the greatest common factor of t and 1.
1
Let f = 564 + 408. What is the greatest common factor of f and 36?
36
Let x be -1 + 94 + (-3)/(-12)*-8. What is the highest common factor of x and 56?
7
Let a = -126 - -180. Let n be (6/(-4))/(2/(-60)). Let j be (150/n)/(4/a). Calculate the highest common factor of 5 and j.
5
Let s(l) = 27*l**2 + 2*l - 2. Let d be s(2). Suppose 4*y - y - 69 = 0. Let n = y - 13. Calculate the greatest common divisor of d and n.
10
Suppose -4*h - 2 = -10. Suppose 4*n = h*y + 3*y - 66, 5*n - 19 = -y. Calculate the greatest common divisor of y and 21.
7
Let t(a) = -a**2 + 3*a + 1. Let p be t(-2). Let q(c) = -3*c + 24. Let o be q(p). What is the greatest common factor of 85 and o?
17
Let n(r) = -r**2 + 56*r - 463. Let j be n(17). Calculate the highest common factor of 50 and j.
50
Let s = 295 + -281. Calculate the highest common divisor of 350 and s.
14
Let w be (-3)/(0 + -1) - -1. Suppose 5*g + 2*x = w + 4, 4*x - 16 = -4*g. Suppose 6*b - 2*b - 72 = g. What is the greatest common divisor of 162 and b?
18
Let a(s) = 11*s - 394. Let k be a(38). Suppose 0 = -3*j - y + 91, 0 = j - 2*y + y - 29. Calculate the highest common factor of k and j.
6
Let c = -65 + 91. Let p(w) = 2*w**3 - 2*w**2 + 10*w + 12. Let l be p(3). Calculate the highest common divisor of c and l.
26
Suppose -t - 325 = -5*o, 112 = 2*o - 6*t + 2*t. Calculate the greatest common factor of 18 and o.
6
Let t = -66 - -102. Suppose -3*r + l - 48 = -146, r = -3*l + t. Suppose -5*s + 1434 = -51. Calculate the greatest common factor of r and s.
33
Let l be (4 - 0) + 6 - 3. Suppose 0 = -l*y + 10*y - 54. Calculate the highest common factor of y and 9.
9
Suppose -5*w + 125 - 140 = -5*r, 0 = -3*r + 12. What is the greatest common factor of w and 47?
1
Suppose -5*u - 37 = -4*y, -5*y - 4*u = -7*u - 43. Suppose -t + y = -42. Calculate the greatest common divisor of t and 50.
50
Let u be ((-8938)/205)/(0 + (-2)/10). Let j = -119 - -277. Suppose -4*p + f + u = -f, 3*p + 4*f - j = 0. What is the highest common divisor of 27 and p?
27
Let t(r) = -7 + 15*r + 0*r**2 - 4*r - r**2 + 0*r**2. Let o be t(10). Suppose q = 7 + 5. What is t